{"id":3449,"date":"2020-11-11T15:28:59","date_gmt":"2020-11-11T15:28:59","guid":{"rendered":"https:\/\/extery.com\/?post_type=product&#038;p=3449"},"modified":"2024-12-02T19:36:41","modified_gmt":"2024-12-02T19:36:41","slug":"prima-laud","status":"publish","type":"product","link":"https:\/\/dev.codenot.studio\/extery-new\/tooted\/prima-laud\/","title":{"rendered":"laud Prima"},"content":{"rendered":"<p>Pargim\u00f6\u00f6bli kollektsiooni valikust on Prima seeria laud pragmaatiline valik, mille kvaliteedis ei ole tehtud kompromisse. Detailid on l\u00e4bim\u00f5eldud ja hoolega teostatud. Prima pargim\u00f6\u00f6blit iseloomustab kerge olek ja klassikalised proportsioonid. Tagasihoidlikus ilmes on k\u00fcbeke nostalgiat ja tuttavat tunnet, seet\u00f5ttu pole Prima linnam\u00f6\u00f6blit raske ette kujutada \u00fcheski milj\u00f6\u00f6s.<\/p>\n","protected":false},"excerpt":{"rendered":"<p>Pargim\u00f6\u00f6bli kollektsiooni valikust on Prima seeria laud pragmaatiline valik, mille kvaliteedis ei ole tehtud kompromisse. Detailid on l\u00e4bim\u00f5eldud ja hoolega teostatud. Prima pargim\u00f6\u00f6blit iseloomustab kerge olek ja klassikalised proportsioonid. Tagasihoidlikus ilmes on k\u00fcbeke nostalgiat ja tuttavat tunnet, seet\u00f5ttu pole Prima linnam\u00f6\u00f6blit raske ette kujutada \u00fcheski milj\u00f6\u00f6s.<\/p>\n","protected":false},"featured_media":822,"comment_status":"open","ping_status":"closed","template":"","meta":{"_acf_changed":false},"product_cat":[33],"product_tag":[],"class_list":["post-3449","product","type-product","status-publish","has-post-thumbnail","hentry","product_cat-lauad","product-family-prima"],"acf":[],"yoast_head":"<!-- This site is optimized with the Yoast SEO plugin v24.1 - https:\/\/yoast.com\/wordpress\/plugins\/seo\/ -->\n<title>laud Prima - Extery linnam\u00f6\u00f6bli kollektsiooni laud<\/title>\n<meta name=\"description\" content=\"Laud Prima on pragmaatiline valik. Pargim\u00f6\u00f6bel, mille kvaliteedis ei ole tehtud kompromisse. Detailid on l\u00e4bim\u00f5eldud ja hoolega teostatud. Kerge oleku ja klassikaliste proportsioonidega.\" \/>\n<meta name=\"robots\" content=\"index, follow, max-snippet:-1, max-image-preview:large, max-video-preview:-1\" \/>\n<link rel=\"canonical\" href=\"https:\/\/dev.codenot.studio\/extery-new\/tooted\/prima-laud\/\" \/>\n<meta property=\"og:locale\" content=\"et_EE\" \/>\n<meta property=\"og:type\" content=\"article\" \/>\n<meta property=\"og:title\" content=\"laud Prima - Extery linnam\u00f6\u00f6bli kollektsiooni laud\" \/>\n<meta property=\"og:description\" content=\"Laud Prima on pragmaatiline valik. Pargim\u00f6\u00f6bel, mille kvaliteedis ei ole tehtud kompromisse. Detailid on l\u00e4bim\u00f5eldud ja hoolega teostatud. Kerge oleku ja klassikaliste proportsioonidega.\" \/>\n<meta property=\"og:url\" content=\"https:\/\/dev.codenot.studio\/extery-new\/tooted\/prima-laud\/\" \/>\n<meta property=\"og:site_name\" content=\"Extery\" \/>\n<meta property=\"article:modified_time\" content=\"2024-12-02T19:36:41+00:00\" \/>\n<meta property=\"og:image\" content=\"https:\/\/dev.codenot.studio\/extery-new\/wp-content\/uploads\/2020\/11\/Prima-laud-E-scaled.jpg\" \/>\n\t<meta property=\"og:image:width\" content=\"2560\" \/>\n\t<meta property=\"og:image:height\" content=\"1707\" \/>\n\t<meta property=\"og:image:type\" content=\"image\/jpeg\" \/>\n<meta name=\"twitter:card\" content=\"summary_large_image\" \/>\n<meta name=\"twitter:label1\" content=\"Est. reading time\" \/>\n\t<meta name=\"twitter:data1\" content=\"1 minut\" \/>\n<script type=\"application\/ld+json\" class=\"yoast-schema-graph\">{\"@context\":\"https:\/\/schema.org\",\"@graph\":[{\"@type\":\"WebPage\",\"@id\":\"https:\/\/dev.codenot.studio\/extery-new\/tooted\/prima-laud\/\",\"url\":\"https:\/\/dev.codenot.studio\/extery-new\/tooted\/prima-laud\/\",\"name\":\"laud Prima - Extery linnam\u00f6\u00f6bli kollektsiooni laud\",\"isPartOf\":{\"@id\":\"https:\/\/dev.codenot.studio\/extery-new\/#website\"},\"primaryImageOfPage\":{\"@id\":\"https:\/\/dev.codenot.studio\/extery-new\/tooted\/prima-laud\/#primaryimage\"},\"image\":{\"@id\":\"https:\/\/dev.codenot.studio\/extery-new\/tooted\/prima-laud\/#primaryimage\"},\"thumbnailUrl\":\"https:\/\/dev.codenot.studio\/extery-new\/wp-content\/uploads\/2020\/11\/Prima-laud-E-scaled.jpg\",\"datePublished\":\"2020-11-11T15:28:59+00:00\",\"dateModified\":\"2024-12-02T19:36:41+00:00\",\"description\":\"Laud Prima on pragmaatiline valik. Pargim\u00f6\u00f6bel, mille kvaliteedis ei ole tehtud kompromisse. Detailid on l\u00e4bim\u00f5eldud ja hoolega teostatud. Kerge oleku ja klassikaliste proportsioonidega.\",\"breadcrumb\":{\"@id\":\"https:\/\/dev.codenot.studio\/extery-new\/tooted\/prima-laud\/#breadcrumb\"},\"inLanguage\":\"et\",\"potentialAction\":[{\"@type\":\"ReadAction\",\"target\":[\"https:\/\/dev.codenot.studio\/extery-new\/tooted\/prima-laud\/\"]}]},{\"@type\":\"ImageObject\",\"inLanguage\":\"et\",\"@id\":\"https:\/\/dev.codenot.studio\/extery-new\/tooted\/prima-laud\/#primaryimage\",\"url\":\"https:\/\/dev.codenot.studio\/extery-new\/wp-content\/uploads\/2020\/11\/Prima-laud-E-scaled.jpg\",\"contentUrl\":\"https:\/\/dev.codenot.studio\/extery-new\/wp-content\/uploads\/2020\/11\/Prima-laud-E-scaled.jpg\",\"width\":2560,\"height\":1707},{\"@type\":\"BreadcrumbList\",\"@id\":\"https:\/\/dev.codenot.studio\/extery-new\/tooted\/prima-laud\/#breadcrumb\",\"itemListElement\":[{\"@type\":\"ListItem\",\"position\":1,\"name\":\"Home\",\"item\":\"https:\/\/dev.codenot.studio\/extery-new\/\"},{\"@type\":\"ListItem\",\"position\":2,\"name\":\"Tooted\",\"item\":\"https:\/\/dev.codenot.studio\/extery-new\/tooted\/\"},{\"@type\":\"ListItem\",\"position\":3,\"name\":\"laud Prima\"}]},{\"@type\":\"WebSite\",\"@id\":\"https:\/\/dev.codenot.studio\/extery-new\/#website\",\"url\":\"https:\/\/dev.codenot.studio\/extery-new\/\",\"name\":\"Extery\",\"description\":\"\",\"publisher\":{\"@id\":\"https:\/\/dev.codenot.studio\/extery-new\/#organization\"},\"potentialAction\":[{\"@type\":\"SearchAction\",\"target\":{\"@type\":\"EntryPoint\",\"urlTemplate\":\"https:\/\/dev.codenot.studio\/extery-new\/?s={search_term_string}\"},\"query-input\":{\"@type\":\"PropertyValueSpecification\",\"valueRequired\":true,\"valueName\":\"search_term_string\"}}],\"inLanguage\":\"et\"},{\"@type\":\"Organization\",\"@id\":\"https:\/\/dev.codenot.studio\/extery-new\/#organization\",\"name\":\"Extery\",\"url\":\"https:\/\/dev.codenot.studio\/extery-new\/\",\"logo\":{\"@type\":\"ImageObject\",\"inLanguage\":\"et\",\"@id\":\"https:\/\/dev.codenot.studio\/extery-new\/#\/schema\/logo\/image\/\",\"url\":\"https:\/\/dev.codenot.studio\/extery-new\/wp-content\/uploads\/2023\/11\/footer-logo.svg\",\"contentUrl\":\"https:\/\/dev.codenot.studio\/extery-new\/wp-content\/uploads\/2023\/11\/footer-logo.svg\",\"caption\":\"Extery\"},\"image\":{\"@id\":\"https:\/\/dev.codenot.studio\/extery-new\/#\/schema\/logo\/image\/\"}}]}<\/script>\n<!-- \/ Yoast SEO plugin. -->","yoast_head_json":{"title":"laud Prima - Extery linnam\u00f6\u00f6bli kollektsiooni laud","description":"Laud Prima on pragmaatiline valik. Pargim\u00f6\u00f6bel, mille kvaliteedis ei ole tehtud kompromisse. Detailid on l\u00e4bim\u00f5eldud ja hoolega teostatud. Kerge oleku ja klassikaliste proportsioonidega.","robots":{"index":"index","follow":"follow","max-snippet":"max-snippet:-1","max-image-preview":"max-image-preview:large","max-video-preview":"max-video-preview:-1"},"canonical":"https:\/\/dev.codenot.studio\/extery-new\/tooted\/prima-laud\/","og_locale":"et_EE","og_type":"article","og_title":"laud Prima - Extery linnam\u00f6\u00f6bli kollektsiooni laud","og_description":"Laud Prima on pragmaatiline valik. Pargim\u00f6\u00f6bel, mille kvaliteedis ei ole tehtud kompromisse. Detailid on l\u00e4bim\u00f5eldud ja hoolega teostatud. Kerge oleku ja klassikaliste proportsioonidega.","og_url":"https:\/\/dev.codenot.studio\/extery-new\/tooted\/prima-laud\/","og_site_name":"Extery","article_modified_time":"2024-12-02T19:36:41+00:00","og_image":[{"width":2560,"height":1707,"url":"https:\/\/dev.codenot.studio\/extery-new\/wp-content\/uploads\/2020\/11\/Prima-laud-E-scaled.jpg","type":"image\/jpeg"}],"twitter_card":"summary_large_image","twitter_misc":{"Est. reading time":"1 minut"},"schema":{"@context":"https:\/\/schema.org","@graph":[{"@type":"WebPage","@id":"https:\/\/dev.codenot.studio\/extery-new\/tooted\/prima-laud\/","url":"https:\/\/dev.codenot.studio\/extery-new\/tooted\/prima-laud\/","name":"laud Prima - Extery linnam\u00f6\u00f6bli kollektsiooni laud","isPartOf":{"@id":"https:\/\/dev.codenot.studio\/extery-new\/#website"},"primaryImageOfPage":{"@id":"https:\/\/dev.codenot.studio\/extery-new\/tooted\/prima-laud\/#primaryimage"},"image":{"@id":"https:\/\/dev.codenot.studio\/extery-new\/tooted\/prima-laud\/#primaryimage"},"thumbnailUrl":"https:\/\/dev.codenot.studio\/extery-new\/wp-content\/uploads\/2020\/11\/Prima-laud-E-scaled.jpg","datePublished":"2020-11-11T15:28:59+00:00","dateModified":"2024-12-02T19:36:41+00:00","description":"Laud Prima on pragmaatiline valik. Pargim\u00f6\u00f6bel, mille kvaliteedis ei ole tehtud kompromisse. Detailid on l\u00e4bim\u00f5eldud ja hoolega teostatud. Kerge oleku ja klassikaliste proportsioonidega.","breadcrumb":{"@id":"https:\/\/dev.codenot.studio\/extery-new\/tooted\/prima-laud\/#breadcrumb"},"inLanguage":"et","potentialAction":[{"@type":"ReadAction","target":["https:\/\/dev.codenot.studio\/extery-new\/tooted\/prima-laud\/"]}]},{"@type":"ImageObject","inLanguage":"et","@id":"https:\/\/dev.codenot.studio\/extery-new\/tooted\/prima-laud\/#primaryimage","url":"https:\/\/dev.codenot.studio\/extery-new\/wp-content\/uploads\/2020\/11\/Prima-laud-E-scaled.jpg","contentUrl":"https:\/\/dev.codenot.studio\/extery-new\/wp-content\/uploads\/2020\/11\/Prima-laud-E-scaled.jpg","width":2560,"height":1707},{"@type":"BreadcrumbList","@id":"https:\/\/dev.codenot.studio\/extery-new\/tooted\/prima-laud\/#breadcrumb","itemListElement":[{"@type":"ListItem","position":1,"name":"Home","item":"https:\/\/dev.codenot.studio\/extery-new\/"},{"@type":"ListItem","position":2,"name":"Tooted","item":"https:\/\/dev.codenot.studio\/extery-new\/tooted\/"},{"@type":"ListItem","position":3,"name":"laud Prima"}]},{"@type":"WebSite","@id":"https:\/\/dev.codenot.studio\/extery-new\/#website","url":"https:\/\/dev.codenot.studio\/extery-new\/","name":"Extery","description":"","publisher":{"@id":"https:\/\/dev.codenot.studio\/extery-new\/#organization"},"potentialAction":[{"@type":"SearchAction","target":{"@type":"EntryPoint","urlTemplate":"https:\/\/dev.codenot.studio\/extery-new\/?s={search_term_string}"},"query-input":{"@type":"PropertyValueSpecification","valueRequired":true,"valueName":"search_term_string"}}],"inLanguage":"et"},{"@type":"Organization","@id":"https:\/\/dev.codenot.studio\/extery-new\/#organization","name":"Extery","url":"https:\/\/dev.codenot.studio\/extery-new\/","logo":{"@type":"ImageObject","inLanguage":"et","@id":"https:\/\/dev.codenot.studio\/extery-new\/#\/schema\/logo\/image\/","url":"https:\/\/dev.codenot.studio\/extery-new\/wp-content\/uploads\/2023\/11\/footer-logo.svg","contentUrl":"https:\/\/dev.codenot.studio\/extery-new\/wp-content\/uploads\/2023\/11\/footer-logo.svg","caption":"Extery"},"image":{"@id":"https:\/\/dev.codenot.studio\/extery-new\/#\/schema\/logo\/image\/"}}]}},"_links":{"self":[{"href":"https:\/\/dev.codenot.studio\/extery-new\/wp-json\/wp\/v2\/product\/3449","targetHints":{"allow":["GET"]}}],"collection":[{"href":"https:\/\/dev.codenot.studio\/extery-new\/wp-json\/wp\/v2\/product"}],"about":[{"href":"https:\/\/dev.codenot.studio\/extery-new\/wp-json\/wp\/v2\/types\/product"}],"replies":[{"embeddable":true,"href":"https:\/\/dev.codenot.studio\/extery-new\/wp-json\/wp\/v2\/comments?post=3449"}],"wp:featuredmedia":[{"embeddable":true,"href":"https:\/\/dev.codenot.studio\/extery-new\/wp-json\/wp\/v2\/media\/822"}],"wp:attachment":[{"href":"https:\/\/dev.codenot.studio\/extery-new\/wp-json\/wp\/v2\/media?parent=3449"}],"wp:term":[{"taxonomy":"product_cat","embeddable":true,"href":"https:\/\/dev.codenot.studio\/extery-new\/wp-json\/wp\/v2\/product_cat?post=3449"},{"taxonomy":"product_tag","embeddable":true,"href":"https:\/\/dev.codenot.studio\/extery-new\/wp-json\/wp\/v2\/product_tag?post=3449"}],"curies":[{"name":"wp","href":"https:\/\/api.w.org\/{rel}","templated":true}]}}