{"id":16901,"date":"2022-04-08T09:43:45","date_gmt":"2022-04-08T09:43:45","guid":{"rendered":"https:\/\/extery.com\/?page_id=16901"},"modified":"2022-08-11T09:10:05","modified_gmt":"2022-08-11T09:10:05","slug":"eas","status":"publish","type":"page","link":"https:\/\/dev.codenot.studio\/extery-new\/eas\/","title":{"rendered":"EAS"},"content":{"rendered":"<p>Ettev\u00f5tte arenguprogramm toetab ettev\u00f5tete pikaajalist l\u00e4bim\u00f5eldud arengut, tegevuste paremat planeerimist, innovatsiooni rakendamist ja eelk\u00f5ige tootearendust.<\/p>\n<p>Programmi eesm\u00e4rgid on:<\/p>\n<ul>\n<li>Suurendada kiirelt kasvavate, v\u00e4listurgudel konkurentsiv\u00f5imeliste Eesti ettev\u00f5tete arvu.<\/li>\n<li>Suurendada Eestis ettev\u00f5tete arvu, kes teostavad tootearendust.<\/li>\n<li>Suurendada Eestis ettev\u00f5tete arvu, kes on valmis maksma k\u00f5rgemat palka oma t\u00f6\u00f6tajatele.<\/li>\n<\/ul>\n<p>Projekti tulemuseks on optimeeritud ja tulemuslikud t\u00f6\u00f6protsessid ning uute toodete edukas turule toomine nii Eestis kui ka ekspordis.<\/p>\n<p>Projekti rahastab Euroopa Regionaalarengu Fond maksimaalselt 221 998,50 euroga. Projekti rahastatakse liidu COVID-19 pandeemiale reageerimise raames.<\/p>\n<p>&nbsp;<\/p>\n<pre><img decoding=\"async\" class=\"alignnone size-medium wp-image-16888\" src=\"https:\/\/dev.codenot.studio\/extery-new\/wp-content\/uploads\/2022\/03\/EAS_SF_RGB_EST-300x87.png\" alt=\"\" width=\"300\" height=\"87\" loading=\"lazy\" \/><\/pre>\n","protected":false},"excerpt":{"rendered":"<p>Ettev\u00f5tte arenguprogramm toetab ettev\u00f5tete pikaajalist l\u00e4bim\u00f5eldud arengut, tegevuste paremat planeerimist, innovatsiooni rakendamist ja eelk\u00f5ige tootearendust. Programmi eesm\u00e4rgid on: Suurendada kiirelt kasvavate, v\u00e4listurgudel konkurentsiv\u00f5imeliste Eesti ettev\u00f5tete arvu. Suurendada Eestis ettev\u00f5tete arvu, kes teostavad tootearendust. Suurendada Eestis ettev\u00f5tete arvu, kes on valmis maksma k\u00f5rgemat palka oma t\u00f6\u00f6tajatele. Projekti tulemuseks on optimeeritud ja tulemuslikud t\u00f6\u00f6protsessid ning uute toodete [&hellip;]<\/p>\n","protected":false},"author":2,"featured_media":0,"parent":0,"menu_order":0,"comment_status":"closed","ping_status":"closed","template":"","meta":{"_acf_changed":false,"footnotes":""},"class_list":["post-16901","page","type-page","status-publish","hentry"],"acf":[],"yoast_head":"<!-- This site is optimized with the Yoast SEO plugin v24.1 - https:\/\/yoast.com\/wordpress\/plugins\/seo\/ -->\n<title>EAS - Extery<\/title>\n<meta name=\"robots\" content=\"index, follow, max-snippet:-1, max-image-preview:large, max-video-preview:-1\" \/>\n<link rel=\"canonical\" href=\"https:\/\/dev.codenot.studio\/extery-new\/eas\/\" \/>\n<meta property=\"og:locale\" content=\"et_EE\" \/>\n<meta property=\"og:type\" content=\"article\" \/>\n<meta property=\"og:title\" content=\"EAS - Extery\" \/>\n<meta property=\"og:description\" content=\"Ettev\u00f5tte arenguprogramm toetab ettev\u00f5tete pikaajalist l\u00e4bim\u00f5eldud arengut, tegevuste paremat planeerimist, innovatsiooni rakendamist ja eelk\u00f5ige tootearendust. Programmi eesm\u00e4rgid on: Suurendada kiirelt kasvavate, v\u00e4listurgudel konkurentsiv\u00f5imeliste Eesti ettev\u00f5tete arvu. Suurendada Eestis ettev\u00f5tete arvu, kes teostavad tootearendust. Suurendada Eestis ettev\u00f5tete arvu, kes on valmis maksma k\u00f5rgemat palka oma t\u00f6\u00f6tajatele. Projekti tulemuseks on optimeeritud ja tulemuslikud t\u00f6\u00f6protsessid ning uute toodete [&hellip;]\" \/>\n<meta property=\"og:url\" content=\"https:\/\/dev.codenot.studio\/extery-new\/eas\/\" \/>\n<meta property=\"og:site_name\" content=\"Extery\" \/>\n<meta property=\"article:modified_time\" content=\"2022-08-11T09:10:05+00:00\" \/>\n<meta property=\"og:image\" content=\"https:\/\/dev.codenot.studio\/extery-new\/wp-content\/uploads\/2022\/03\/EAS_SF_RGB_EST-300x87.png\" \/>\n<meta name=\"twitter:card\" content=\"summary_large_image\" \/>\n<meta name=\"twitter:label1\" content=\"Est. reading time\" \/>\n\t<meta name=\"twitter:data1\" content=\"1 minut\" \/>\n<script type=\"application\/ld+json\" class=\"yoast-schema-graph\">{\"@context\":\"https:\/\/schema.org\",\"@graph\":[{\"@type\":\"WebPage\",\"@id\":\"https:\/\/dev.codenot.studio\/extery-new\/eas\/\",\"url\":\"https:\/\/dev.codenot.studio\/extery-new\/eas\/\",\"name\":\"EAS - Extery\",\"isPartOf\":{\"@id\":\"https:\/\/dev.codenot.studio\/extery-new\/#website\"},\"primaryImageOfPage\":{\"@id\":\"https:\/\/dev.codenot.studio\/extery-new\/eas\/#primaryimage\"},\"image\":{\"@id\":\"https:\/\/dev.codenot.studio\/extery-new\/eas\/#primaryimage\"},\"thumbnailUrl\":\"https:\/\/dev.codenot.studio\/extery-new\/wp-content\/uploads\/2022\/03\/EAS_SF_RGB_EST-300x87.png\",\"datePublished\":\"2022-04-08T09:43:45+00:00\",\"dateModified\":\"2022-08-11T09:10:05+00:00\",\"breadcrumb\":{\"@id\":\"https:\/\/dev.codenot.studio\/extery-new\/eas\/#breadcrumb\"},\"inLanguage\":\"et\",\"potentialAction\":[{\"@type\":\"ReadAction\",\"target\":[\"https:\/\/dev.codenot.studio\/extery-new\/eas\/\"]}]},{\"@type\":\"ImageObject\",\"inLanguage\":\"et\",\"@id\":\"https:\/\/dev.codenot.studio\/extery-new\/eas\/#primaryimage\",\"url\":\"\",\"contentUrl\":\"\"},{\"@type\":\"BreadcrumbList\",\"@id\":\"https:\/\/dev.codenot.studio\/extery-new\/eas\/#breadcrumb\",\"itemListElement\":[{\"@type\":\"ListItem\",\"position\":1,\"name\":\"Home\",\"item\":\"https:\/\/dev.codenot.studio\/extery-new\/\"},{\"@type\":\"ListItem\",\"position\":2,\"name\":\"EAS\"}]},{\"@type\":\"WebSite\",\"@id\":\"https:\/\/dev.codenot.studio\/extery-new\/#website\",\"url\":\"https:\/\/dev.codenot.studio\/extery-new\/\",\"name\":\"Extery\",\"description\":\"\",\"publisher\":{\"@id\":\"https:\/\/dev.codenot.studio\/extery-new\/#organization\"},\"potentialAction\":[{\"@type\":\"SearchAction\",\"target\":{\"@type\":\"EntryPoint\",\"urlTemplate\":\"https:\/\/dev.codenot.studio\/extery-new\/?s={search_term_string}\"},\"query-input\":{\"@type\":\"PropertyValueSpecification\",\"valueRequired\":true,\"valueName\":\"search_term_string\"}}],\"inLanguage\":\"et\"},{\"@type\":\"Organization\",\"@id\":\"https:\/\/dev.codenot.studio\/extery-new\/#organization\",\"name\":\"Extery\",\"url\":\"https:\/\/dev.codenot.studio\/extery-new\/\",\"logo\":{\"@type\":\"ImageObject\",\"inLanguage\":\"et\",\"@id\":\"https:\/\/dev.codenot.studio\/extery-new\/#\/schema\/logo\/image\/\",\"url\":\"https:\/\/dev.codenot.studio\/extery-new\/wp-content\/uploads\/2023\/11\/footer-logo.svg\",\"contentUrl\":\"https:\/\/dev.codenot.studio\/extery-new\/wp-content\/uploads\/2023\/11\/footer-logo.svg\",\"caption\":\"Extery\"},\"image\":{\"@id\":\"https:\/\/dev.codenot.studio\/extery-new\/#\/schema\/logo\/image\/\"}}]}<\/script>\n<!-- \/ Yoast SEO plugin. -->","yoast_head_json":{"title":"EAS - Extery","robots":{"index":"index","follow":"follow","max-snippet":"max-snippet:-1","max-image-preview":"max-image-preview:large","max-video-preview":"max-video-preview:-1"},"canonical":"https:\/\/dev.codenot.studio\/extery-new\/eas\/","og_locale":"et_EE","og_type":"article","og_title":"EAS - Extery","og_description":"Ettev\u00f5tte arenguprogramm toetab ettev\u00f5tete pikaajalist l\u00e4bim\u00f5eldud arengut, tegevuste paremat planeerimist, innovatsiooni rakendamist ja eelk\u00f5ige tootearendust. Programmi eesm\u00e4rgid on: Suurendada kiirelt kasvavate, v\u00e4listurgudel konkurentsiv\u00f5imeliste Eesti ettev\u00f5tete arvu. Suurendada Eestis ettev\u00f5tete arvu, kes teostavad tootearendust. Suurendada Eestis ettev\u00f5tete arvu, kes on valmis maksma k\u00f5rgemat palka oma t\u00f6\u00f6tajatele. Projekti tulemuseks on optimeeritud ja tulemuslikud t\u00f6\u00f6protsessid ning uute toodete [&hellip;]","og_url":"https:\/\/dev.codenot.studio\/extery-new\/eas\/","og_site_name":"Extery","article_modified_time":"2022-08-11T09:10:05+00:00","og_image":[{"url":"https:\/\/dev.codenot.studio\/extery-new\/wp-content\/uploads\/2022\/03\/EAS_SF_RGB_EST-300x87.png","type":"","width":"","height":""}],"twitter_card":"summary_large_image","twitter_misc":{"Est. reading time":"1 minut"},"schema":{"@context":"https:\/\/schema.org","@graph":[{"@type":"WebPage","@id":"https:\/\/dev.codenot.studio\/extery-new\/eas\/","url":"https:\/\/dev.codenot.studio\/extery-new\/eas\/","name":"EAS - Extery","isPartOf":{"@id":"https:\/\/dev.codenot.studio\/extery-new\/#website"},"primaryImageOfPage":{"@id":"https:\/\/dev.codenot.studio\/extery-new\/eas\/#primaryimage"},"image":{"@id":"https:\/\/dev.codenot.studio\/extery-new\/eas\/#primaryimage"},"thumbnailUrl":"https:\/\/dev.codenot.studio\/extery-new\/wp-content\/uploads\/2022\/03\/EAS_SF_RGB_EST-300x87.png","datePublished":"2022-04-08T09:43:45+00:00","dateModified":"2022-08-11T09:10:05+00:00","breadcrumb":{"@id":"https:\/\/dev.codenot.studio\/extery-new\/eas\/#breadcrumb"},"inLanguage":"et","potentialAction":[{"@type":"ReadAction","target":["https:\/\/dev.codenot.studio\/extery-new\/eas\/"]}]},{"@type":"ImageObject","inLanguage":"et","@id":"https:\/\/dev.codenot.studio\/extery-new\/eas\/#primaryimage","url":"","contentUrl":""},{"@type":"BreadcrumbList","@id":"https:\/\/dev.codenot.studio\/extery-new\/eas\/#breadcrumb","itemListElement":[{"@type":"ListItem","position":1,"name":"Home","item":"https:\/\/dev.codenot.studio\/extery-new\/"},{"@type":"ListItem","position":2,"name":"EAS"}]},{"@type":"WebSite","@id":"https:\/\/dev.codenot.studio\/extery-new\/#website","url":"https:\/\/dev.codenot.studio\/extery-new\/","name":"Extery","description":"","publisher":{"@id":"https:\/\/dev.codenot.studio\/extery-new\/#organization"},"potentialAction":[{"@type":"SearchAction","target":{"@type":"EntryPoint","urlTemplate":"https:\/\/dev.codenot.studio\/extery-new\/?s={search_term_string}"},"query-input":{"@type":"PropertyValueSpecification","valueRequired":true,"valueName":"search_term_string"}}],"inLanguage":"et"},{"@type":"Organization","@id":"https:\/\/dev.codenot.studio\/extery-new\/#organization","name":"Extery","url":"https:\/\/dev.codenot.studio\/extery-new\/","logo":{"@type":"ImageObject","inLanguage":"et","@id":"https:\/\/dev.codenot.studio\/extery-new\/#\/schema\/logo\/image\/","url":"https:\/\/dev.codenot.studio\/extery-new\/wp-content\/uploads\/2023\/11\/footer-logo.svg","contentUrl":"https:\/\/dev.codenot.studio\/extery-new\/wp-content\/uploads\/2023\/11\/footer-logo.svg","caption":"Extery"},"image":{"@id":"https:\/\/dev.codenot.studio\/extery-new\/#\/schema\/logo\/image\/"}}]}},"_links":{"self":[{"href":"https:\/\/dev.codenot.studio\/extery-new\/wp-json\/wp\/v2\/pages\/16901","targetHints":{"allow":["GET"]}}],"collection":[{"href":"https:\/\/dev.codenot.studio\/extery-new\/wp-json\/wp\/v2\/pages"}],"about":[{"href":"https:\/\/dev.codenot.studio\/extery-new\/wp-json\/wp\/v2\/types\/page"}],"author":[{"embeddable":true,"href":"https:\/\/dev.codenot.studio\/extery-new\/wp-json\/wp\/v2\/users\/2"}],"replies":[{"embeddable":true,"href":"https:\/\/dev.codenot.studio\/extery-new\/wp-json\/wp\/v2\/comments?post=16901"}],"version-history":[{"count":0,"href":"https:\/\/dev.codenot.studio\/extery-new\/wp-json\/wp\/v2\/pages\/16901\/revisions"}],"wp:attachment":[{"href":"https:\/\/dev.codenot.studio\/extery-new\/wp-json\/wp\/v2\/media?parent=16901"}],"curies":[{"name":"wp","href":"https:\/\/api.w.org\/{rel}","templated":true}]}}